11199 + 19460. List the prime factors of s.
11, 751
Suppose -2*g + 1 = -5*u, -3*g - 3*u = -0*u - 12. Let l = 2672 + -2672. Suppose -g*a - 7*y + 3*y + 112 = l, -a + 38 = y. List the prime factors of a.
2, 5
Let q(v) = -v**2 - 3*v + 12. Let o be 15/(-2)*((-8)/(-12) - 0). Let i be q(o). List the prime factors of (i + -6)*-41 - -2.
2, 83
Let o(l) = -4848*l - 17900. List the prime factors of o(-8).
2, 23, 227
Let h = -22 - -27. Suppose 8 - 38 = -h*d. Suppose 119 + 151 = d*f. What are the prime factors of f?
3, 5
Let t(z) = -65*z**2 - 2 + 136*z**2 - 72*z**2 + 32*z**3 + 2*z. List the prime factors of t(1).
31
Suppose -3*u + 9927 = 3*i, -55*u = -57*u + 5*i + 6653. List the prime factors of u.
2, 1657
Let k(m) = 14*m - 4 - 17 + 7. What are the prime factors of k(6)?
2, 5, 7
Suppose -z - 39*l + 37*l + 10 = 0, z - 3*l + 15 = 0. Suppose 3*c + 9 = z, -11*w + 13*w + c - 113 = 0. List the prime factors of w.
2, 29
Let o(n) = -3*n**3 - 14*n**2 + 12*n + 32. Let y be o(-10). List the prime factors of ((-23)/(-3))/(36/y).
2, 7, 23
Let a(y) = -345*y + 114. What are the prime factors of a(-13)?
3, 7, 73
What are the prime factors of (9 + (-1911)/78)/(2/(-1396))?
31, 349
Let x = -23767 + 33685. What are the prime factors of x?
2, 3, 19, 29
Let z = 67858 + -44108. List the prime factors of z.
2, 5, 19
Let h(v) = 3*v + 5. Let b be h(2). What are the prime factors of (59/(-5))/(b/(-275))?
5, 59
Let m = 25608 + -543. List the prime factors of m.
3, 5, 557
Suppose p = -j + 12378 + 9544, 5*j = 4*p - 87679. What are the prime factors of p?
3, 7307
Let a = -335 - -337. Suppose 99 = -a*h + 335. What are the prime factors of h?
2, 59
Let f(y) = -y**3 + 16*y**2 + 38*y - 33. Let w be f(18). Suppose 0 = 4*q - 3*m - 828, -2*m + 1024 = 5*q - w*m. What are the prime factors of q?
2, 3, 17
Suppose 232*p + 1438461 - 2720180 = 16595969. List the prime factors of p.
263, 293
Let n(z) = 5743*z + 8362. List the prime factors of n(5).
3, 17, 727
Let j(n) = 91*n**2 + 2*n - 11. List the prime factors of j(5).
2, 3, 379
Let z = 1688 - 677. Let j = 1513 - z. What are the prime factors of j?
2, 251
Let k(j) = -4*j + 112. Let w be k(0). Let b be ((-39)/26)/((-2)/52). Let d = w - b. List the prime factors of d.
73
Let n(c) = c**2 - 3*c - 11. Let k be n(7). Suppose k*d + 226 = 16*d. Let j = d + 398. List the prime factors of j.
2, 43
Suppose t - 3 = 0, -2*m - t - 15 = -18. Let i(c) = c**3 - c**2 + 9. Let d be i(0). Suppose -d*y + 14*y - 1015 = m. List the prime factors of y.
7, 29
Suppose -u + 242022 = 12*u + 6*u. List the prime factors of u.
2, 3, 11, 193
Let p(j) = -7*j**3 - 6*j**2 + 45*j + 258. List the prime factors of p(-9).
2, 3, 5, 149
Let c = 1017 + -578. List the prime factors of c.
439
Suppose 0*n = -2*k - n + 127, -5*k + 317 = 2*n. Suppose 2*u - 9*l + 4*l = -k, -2*u = -l + 51. What are the prime factors of ((-5)/(25/u))/((-1)/(-10))?
2, 3
Suppose -213*n = -65*n - 3189844. List the prime factors of n.
7, 3079
Let a(o) = 2770*o + 1483. List the prime factors of a(4).
17, 739
Let k be (-5 - 0)*((-22)/10 - -1). Let j be (-4 + 66/9)*k/5. Suppose 2*z = 3*v - 66, 30 + 59 = j*v - 3*z. List the prime factors of v.
2, 5
Suppose 239*u - 8405505 = 94*u. What are the prime factors of u?
3, 19, 113
List the prime factors of (2/(-6))/(45 + 215499744/(-4788882)).
7, 41, 103
Let k(f) = -f**2 - 10*f - 28. Let h be k(-5). Let t be -7*(1 - -8)/(-3). List the prime factors of h/t + (-5115)/(-35).
2, 73
Let x = 133 + -131. Let i be x/(-2) - (-239)/1. Let w = -97 + i. List the prime factors of w.
3, 47
Let m = 164 + -167. List the prime factors of 99 + (-1)/m*21.
2, 53
Suppose -6*f = -7*f + 12. Suppose -6*a = -18*a + f. What are the prime factors of -4 + a - (2 + (-436)/4)?
2, 13
Suppose 9*g + 15096 = 6*g - 4*b, b = -3*g - 15087. What are the prime factors of ((-74)/(-222))/((-2)/g)?
2, 419
Let u = 97 + 298. Suppose -6*k + k + u = 0. Suppose 2*c - 11 - k = 0. List the prime factors of c.
3, 5
Let j(t) = -2*t + 17. Let h be j(6). Let a = h - -6. Suppose -a*i + 203 = -4*i. What are the prime factors of i?
29
Let g = 2246 + -930. Suppose 4*p - 4*f = g, 7*p + 2*f - 962 = 4*p. List the prime factors of p.
2, 3
Suppose 5*j - 33681 = -2*v + 613, 3*v - j - 51458 = 0. List the prime factors of v.
2, 67
Suppose 3*y + 4*u - 34108 = 0, 2*y - 18586 = -2*u + 4152. List the prime factors of y.
2, 7, 29
Suppose -5*l - 15401 - 3669 = 0. What are the prime factors of (l/(-3) - 1) + 12/18?
31, 41
Let a be 4/(-14) - 15528/(-56). Suppose -3*j + 143 + 56 = 2*t, 4*j - a = -5*t. Suppose -j = -6*s + 3*s. List the prime factors of s.
3, 7
Let u be (-84)/(-210) + 20196/10. Let c = -1243 + u. What are the prime factors of c?
3, 7, 37
Let n(p) = 668*p**2 - 23*p + 51. List the prime factors of n(4).
3, 7, 13
Suppose b = -3*k + 19560, -10*k + 4*b = -7*k - 19545. List the prime factors of k.
3, 41, 53
Suppose -4*c + 2001 = 3*j, -2*c = -14*j + 15*j - 1003. Suppose 0 = -m + 3, 4*k = -2*m + 1662 + c. What are the prime factors of k?
2, 3, 5
Let g(s) = 215*s - 29. Let i be g(-3). Let o = i - -1061. List the prime factors of o.
3, 43
Let j = -6199 - -15598. What are the prime factors of j?
3, 13, 241
Suppose 3168 + 1857 = a + 2*v, -5*a = -3*v - 25099. Suppose 26*j - 1245 = a. List the prime factors of j.
241
Let u = 17265 - 4806. List the prime factors of u.
3, 4153
Let c(t) = 34 + 32 + t**3 + 4*t**2 - 56 - 3*t. Let k be c(-5). Suppose k = -6*j + 2*j + 368. What are the prime factors of j?
2, 23
Let v(i) = -198*i - 1455. What are the prime factors of v(-81)?
3, 4861
Let x be (10/10)/(1/2). Let k(o) = -7 - o**x - 3 - 12*o + 2*o**2. List the prime factors of k(13).
3
Let y(k) = k**3 - 8*k**2 + 4*k + 11. Let f be y(7). Let v(j) = 6*j**2 + 10*j + 29. What are the prime factors of v(f)?
23
Let q(b) = -197*b + 235. List the prime factors of q(-6).
13, 109
Let a(i) = -186*i + 1627. What are the prime factors of a(-26)?
23, 281
Let a be (-3)/(-1) + (-2 - (68 + -1)). Let b = a - -69. Let g(m) = 31*m - 6. List the prime factors of g(b).
3, 29
Let n be -2 + (-2 - 20/(-5)). Suppose 120 = q - n*q. Suppose 90 = 3*x - q. What are the prime factors of x?
2, 5, 7
Let n(v) be the second derivative of 6*v**3 - 35*v**2/2 - 11*v. What are the prime factors of n(4)?
109
Let h = 84 - 71. Let b(v) = -2 - 4*v + 1 - 9*v - 5*v + 2*v**2. List the prime factors of b(h).
103
Let i(t) = 73*t - 73. Let m(r) = -28471*r + 28471. Let n(a) = 781*i(a) + 2*m(a). What are the prime factors of n(5)?
2, 71
Suppose 2*z - 20628 - 23973 = g, -21 = -3*g. What are the prime factors of z?
2, 17, 41
Suppose 5*n - p = 65, 39 = n - 0*p + 5*p. Let f(h) = h**3 + 3 - 10*h - 13*h**2 - 16 - 3. List the prime factors of f(n).
2, 5
Let m(w) = 80*w**2 - 128*w + 1485. List the prime factors of m(21).
3, 37, 307
Suppose 0 = 5*b - m - 348 - 172, 2*b - 231 = 5*m. Suppose 91*h + 12960 = b*h. List the prime factors of h.
2, 3, 5
Suppose -2*c = -2*t - 26302, 0*t = -4*t - 28. What are the prime factors of c?
2, 31, 53
Let g(a) = -a + 28. Let t be g(-16). Suppose c + t = -5*k + 124, 3*k - 65 = -4*c. List the prime factors of k - (24/84 - (-23)/(-7)).
2, 3
Let y(s) = -1974*s**3 + 2*s**2 + 28*s + 5. List the prime factors of y(-3).
139, 383
Let f = 1333 + 4357. List the prime factors of f.
2, 5, 569
Let s(l) = -l**3 - 82*l**2 + 375*l - 92. List the prime factors of s(-90).
2, 23, 673
List the prime factors of (-32236032)/(-4092) - 4/(-22).
2, 3, 13, 101
What are the prime factors of ((-129)/12)/((-224)/1513344)?
3, 43, 563
Suppose 12*x + 0*x + 150*x = 2704914. List the prime factors of x.
59, 283
Suppose 22*j = 53483 + 72533. List the prime factors of j.
2, 179
Let x = 14593 - 11605. List the prime factors of x.
2, 3, 83
Suppose w = 2*y + 442, 4*w + 2*y + 42 = 1860. Suppose j + 4*f - w = 0, 4*j - 1019 = f + 738. What are the prime factors of j?
2, 5, 11
Let o = -24 - -292. Let m = 717 + -713. Suppose 2*b + 0*b = 3*w - 410, 2*w = -m*b + o. List the prime factors of w.
2, 17
Suppose -4*c - q = 45, -q + 30 = -3*c + 2*q. What are the prime factors of ((-196)/5)/(((-11)/(-25))/c)?
2, 5, 7
Suppose 5*z = -4*l - 1, -2*z - l = 2 - 4. Let v(j) = 37*j**3 - j**2 + 5 - 4 - j + 64*j**z. List the prime factors of v(1).
2, 5
Suppose -10*k = -8*k. Suppose -3*i + 3836 = -4*p - k*p, 1300 = i + 4*p. List the prime factors of 